
In base 16, what is 1a + -7?
13
In base 6, what is 5 + 551?
1000
In base 11, what is 1 + -2375?
-2374
In base 4, what is -30030 - 10?
-30100
In base 5, what is 44 + -40?
4
In base 13, what is -cc + 7?
-c5
In base 15, what is -d + -47?
-55
In base 7, what is 242 - 10?
232
In base 15, what is -6 - -4e?
48
In base 12, what is -8a + -5?
-93
In base 16, what is 1 - -194?
195
In base 4, what is 21112 + 22?
21200
In base 10, what is 6 - 185?
-179
In base 2, what is 1111 + 1010010?
1100001
In base 7, what is 2 - -121?
123
In base 9, what is 0 + 340?
340
In base 6, what is 23 - 104?
-41
In base 14, what is 181 + 0?
181
In base 11, what is 228 + 3?
230
In base 6, what is -21 + -1155?
-1220
In base 6, what is -45 + -15?
-104
In base 11, what is 704 - 0?
704
In base 7, what is 13 - -14?
30
In base 5, what is 34 - -13?
102
In base 2, what is 101001010011 - -100?
101001010111
In base 8, what is -73 + -41?
-134
In base 7, what is -10 - -3052?
3042
In base 5, what is 210 + -1133?
-423
In base 9, what is 302 - 3?
288
In base 12, what is -95 - 1?
-96
In base 7, what is -1000 - -5?
-662
In base 8, what is 61561 - 4?
61555
In base 2, what is 10 + -1111101010?
-1111101000
In base 15, what is 175 - 3d?
137
In base 12, what is 21 - 38?
-17
In base 15, what is 5 - -440?
445
In base 10, what is 3 - -154?
157
In base 10, what is -5231 - -2?
-5229
In base 4, what is -3 + -13330?
-13333
In base 15, what is 3 + -501?
-4ed
In base 12, what is -484b + -5?
-4854
In base 6, what is -43432 - 3?
-43435
In base 12, what is 43 - 5?
3a
In base 15, what is 35 - -5a?
90
In base 5, what is 10 - 40221?
-40211
In base 4, what is 11 + -20113?
-20102
In base 16, what is 0 - 39?
-39
In base 9, what is -5 - 27?
-33
In base 2, what is 10001011 - 1001?
10000010
In base 9, what is -7 - 5?
-13
In base 14, what is -7 + 2?
-5
In base 12, what is 11 - -59?
6a
In base 6, what is -4 + 33543?
33535
In base 7, what is -10334 - -5?
-10326
In base 7, what is 6 - -4503?
4512
In base 11, what is 9 + 1?
a
In base 14, what is -1548 + -1?
-1549
In base 12, what is -6 - -a?
4
In base 15, what is -5 + -103?
-108
In base 5, what is -3 + 32?
24
In base 13, what is -2 - 17?
-19
In base 9, what is -4030 - 2?
-4032
In base 13, what is -1a8c + -3?
-1a92
In base 10, what is 11201 + -3?
11198
In base 16, what is -2 + -3?
-5
In base 10, what is -57 + -5?
-62
In base 13, what is -748 + -4?
-74c
In base 8, what is -2 + 1534?
1532
In base 5, what is -2 - 1332?
-1334
In base 16, what is -10c - 0?
-10c
In base 6, what is 2 - -140?
142
In base 16, what is 1c09 + 4?
1c0d
In base 10, what is 122 - -6?
128
In base 6, what is 1 - 2?
-1
In base 7, what is 206 - 13?
163
In base 16, what is -5 + -11?
-16
In base 8, what is -227 + 2?
-225
In base 15, what is -4 + -849?
-84d
In base 5, what is -2234 + -2?
-2241
In base 5, what is -3 - 401?
-404
In base 10, what is -3765 + 1?
-3764
In base 12, what is -1 - 166?
-167
In base 8, what is 1 - 3252?
-3251
In base 3, what is 100020 - 1002?
22011
In base 7, what is 2 + 1222?
1224
In base 4, what is 1313 - 20?
1233
In base 2, what is -11001111010 + 1?
-11001111001
In base 4, what is 133 - 110?
23
In base 3, what is -2221021 - -1?
-2221020
In base 16, what is 22 - 17?
b
In base 3, what is 221 - -112?
1110
In base 7, what is 21 + 2035?
2056
In base 5, what is 234 - -242?
1031
In base 3, what is 1 + -101011?
-101010
In base 5, what is -30230 - -3?
-30222
In base 5, what is -3 - -4100?
4042
In base 6, what is 1004 - 11?
553
In base 5, what is 24313 - -10?
24323
In base 2, what is 10000100001111 + -100?
10000100001011
In base 12, what is a + 0?
a
In base 15, what is b1e - -4?
b23
In base 7, what is 4 + -11?
-4
In base 11, what is 15 - -20?
35
In base 14, what is -a2 + -5?
-a7
In base 16, what is 0 + fa?
fa
In base 8, what is 2652 - -1?
2653
In base 8, what is 21 - -11?
32
In base 16, what is -2 + 0?
-2
In base 4, what is 223112 + -3?
223103
In base 9, what is 1 + 234?
235
In base 16, what is 8 - 10a?
-102
In base 15, what is 3 + -e3?
-e0
In base 15, what is 3 + -44?
-41
In base 8, what is -3 - 703?
-706
In base 15, what is -3 - 1d?
-21
In base 14, what is -30 - 30?
-60
In base 15, what is 4 + -a2?
-9d
In base 10, what is 18 + -5?
13
In base 9, what is 4 + -1863?
-1858
In base 7, what is 0 - 1152?
-1152
In base 10, what is -75 + -6?
-81
In base 2, what is 100 - 1000101?
-1000001
In base 12, what is -b4 - 4?
-b8
In base 4, what is -2122133 + -1?
-2122200
In base 4, what is 3 + 31?
100
In base 6, what is 11 - 4010?
-3555
In base 8, what is 2 + 221?
223
In base 12, what is -5 - -1100?
10b7
In base 9, what is -8130 - 5?
-8135
In base 2, what is 101000 - 111011?
-10011
In base 7, what is -1240 - 5?
-1245
In base 9, what is -22 + 1706?
1674
In base 7, what is 0 + -13250?
-13250
In base 14, what is 26 + -54?
-2c
In base 9, what is -5 - 22?
-27
In base 2, what is 11101111101 + 10?
11101111111
In base 3, what is 201 + -1002200?
-1001222
In base 4, what is 210 - 1021?
-211
In base 4, what is 210 - 3?
201
In base 6, what is -1 + 144?
143
In base 12, what is -2 - 38?
-3a
In base 3, what is 2 + 1101?
1110
In base 7, what is 3 + 1442?
1445
In base 16, what is -7 + 38?
31
In base 16, what is -9d4 - 4?
-9d8
In base 9, what is 16 - -283?
310
In base 15, what is 2 - -2cc?
2ce
In base 10, what is 0 - 29?
-29
In base 3, what is -2112 + -11222?
-21111
In base 16, what is -d - 14d?
-15a
In base 7, what is 136511 + -5?
136503
In base 3, what is -2 + -100020010?
-100020012
In base 12, what is -4 + 52?
4a
In base 12, what is -4 - -1522?
151a
In base 16, what is -36e - 5?
-373
In base 3, what is 120001 - 220?
112011
In base 2, what is 100 - 10110110011?
-10110101111
In base 15, what is 2 - -11?
13
In base 6, what is -10 + 144?
134
In base 12, what is -16 - 54a?
-564
In base 6, what is 25 + 14?
43
In base 3, what is -2200 + 101000?
21100
In base 9, what is 5 + 2515?
2521
In base 6, what is -12 - 523?
-535
In base 4, what is 100 + -1002?
-302
In base 13, what is -55 + -66?
-bb
In base 16, what is -1b - -8e?
73
In base 10, what is -68 + 3?
-65
In base 11, what is -7 - 305?
-311
In base 12, what is 1 - 1b59?
-1b58
In base 5, what is -2 - 11133?
-11140
In base 9, what is 7 - 85?
-77
In base 5, what is 31330 + 2?
31332
In base 6, what is 52335 + 4?
52343
In base 10, what is -5 - -770?
765
In base 16, what is -2391 + 1?
-2390
In base 12, what is -2 - -19a?
198
In base 6, what is -34 - -12?
-22
In base 6, what is 112 + -5?
103
In base 15, what is -2d + 93?
65
In base 15, what is 12 - 273?
-261
In base 3, what is 2 - 122?
-120
In base 8, what is -134 + -7?
-143
In base 8, what is -320 - 1?
-321
In base 3, what is 2 - -11021221?
11022000
In base 15, what is 8 - -66?
6e
In base 12, what is -7654 + -3?
-7657
In base 7, what is 21 - 223?
-202
In base 8, what is 6 - 7?
-1
In base 12, what is 10 + -5?
7
In base 3, what is 12 - 100122201?
-100122112
In base 14, what is a + -30?
-24
In base 9, what is -5 - -12023?
12017
In base 12, what is 734 + -9?
727
In base 16, what is -7a - -3?
-77
In base 4, what is 1311 - -11?
1322
In base 5, what is 4 + 130111?
130120
In base 5, what is -21 - -31?
10
In base 7, what is -3233 + -14?
-3250
In base 14, what is 12c + c?
13a
In base 10, what is -8662 + -4?
-8666
In base 5, what is -10 + 320?
310
In base 5, what is 14444 + 3?
20002
In base 8, what is -1777 - 4?
-2003
In base 9, what is 404 - -1?
405
In base 12, what is 405 - 2?
403
In base 9, what is -314 + -1?
-315
In base 15, what is -1dc5 + -4?
-1dc9
In base 3, what is -1100 + -21?
-1121
In base 5, what is -2 - -32?
30
In base 6, what is -3 + 514?
511
In base 12, what is -35 + 3b?
6
In base 8, what is -5 - -417?
412
In base 7, what is -146520 - 2?
-146522
In base 14, what is 2 - 1c7?
-1c5
In base 13, what is 6 - -b?
14
In base 8, what is -4 + 30?
24
In base 4, what is -22221 + 1?
-22220
In base 5, what is -204 - 4?
-213
In base 8, what is 5 - -170?
175
In base 3, what is -11 + -22202?
-22220
In base 15, what is -4 + 2e3?
2de
In base 9, what is -4 - 3880?
-3884
In base 16, what is -19 + -2b?
-44
In base 2, what is 1000100010011 + 0?
1000100010011
In base 6, what is 15 + 2050?
2105
In base 2, what is -1010 + 11101?
10011
In base 11, what is 217 - 0?
217
In base 12, what is -5 + 572?
569
In base 8, what is 135 - 1?
134
In base 14, what is -13 - -7a